-k = -q + 2. Suppose 0 = 2*s - q*s + 2. What is the units digit of s?
1
Suppose 0 = -0*t + t - 4*o - 38, -2*o - 10 = 0. What is the tens digit of t?
1
Suppose -5*q - 3 - 57 = 0. Let p = -7 - q. What is the units digit of p?
5
Let i(m) = -m**3 + 9*m**2 - 3*m + 17. What is the tens digit of i(7)?
9
Let q(v) = 3*v**2 + 9*v + 3. Let f be q(-6). Let x = f + -39. What is the units digit of x?
8
Let n(i) = -i**2 + 3*i. Let b be n(5). What is the tens digit of 120/(-16)*32/b?
2
What is the units digit of (1196/(-91))/(1/(-7))?
2
Suppose -3*j = -7*j + 84. What is the units digit of j?
1
Let t(i) = i**3 + 11*i**2 + 5*i - 1. What is the tens digit of t(-7)?
6
Let j be 0 - 0 - 6/3. Let q be (-28)/(-16) + j/(-8). Suppose -w + 2*x + 17 = 0, -q*w + x + 13 = -w. What is the units digit of w?
9
Let m(x) = -x + 17. Suppose -42 = -0*g - 3*g. Let f be m(g). Suppose -f*c - 5*j - 11 = 0, 3*c - 2*j = j + 21. What is the units digit of c?
3
Let r(z) = -z**3 + 4*z**2 - 4*z + 4. Let l be r(3). Let t(m) = 28*m + 1. What is the units digit of t(l)?
9
Let c be 1/(-4) - (-3)/12. Suppose -2*o + 3*o - 5 = c. Suppose -2 + 47 = o*z. What is the units digit of z?
9
Let d(t) = -t**3 - 3*t - 3. Let a be d(-2). Suppose a + 29 = 4*b. What is the units digit of b?
0
Let k be 3 - 2 - (-68)/(-4). Let t = 22 + k. What is the units digit of t?
6
What is the tens digit of 621/12 + (-3)/(-12)?
5
Suppose 4*p - p = 945. What is the tens digit of p?
1
Let g(j) = -14*j - 21. What is the units digit of g(-3)?
1
Let s(h) = -h**2 + 13*h - 10. Let a be s(12). Suppose a*w + 0*w - 22 = 0. What is the tens digit of w?
1
Let p(z) = 7*z - 3*z - 9 - 8 + 7. What is the tens digit of p(7)?
1
What is the units digit of 366/10 - 2/(-5)?
7
Let y(f) be the first derivative of -f**3/6 + 3*f**2/2 - 2*f - 1. Let w(g) be the first derivative of y(g). What is the units digit of w(-3)?
6
Let k be (-500)/14 - 6/21. Let o = k + 52. What is the units digit of 5/4 - 4/o?
1
Suppose -3*o + 6 = 3*u, 2*u - u - o - 2 = 0. What is the units digit of u?
2
Suppose -4*z = -2*d + 2 - 8, -5*z + 2*d = -8. Suppose 2*t + 3*r - 51 = 0, -5*t - z*r = 2*r - 117. What is the tens digit of t?
2
Let h(m) be the second derivative of m**3/6 + 7*m**2/2 + 3*m. Let d be h(-7). Suppose 5*q - 28 - 7 = d. What is the units digit of q?
7
Let f be 9/6 - (-6)/4. Let x be 30/4*2/f. Suppose 5*c = -x*g, 5*g - g - 14 = 3*c. What is the units digit of g?
2
Let s = -19 - -19. Suppose -3*t - t + 60 = s. What is the tens digit of t?
1
Let o(t) be the third derivative of 7*t**5/20 + t**4/12 - t**3/6 - 3*t**2. Let m be o(1). Let z = m + -12. What is the units digit of z?
0
Let g(t) = t - 1. Let p be g(2). Let a be p/((-140)/47 - -3). Suppose 3 - a = -4*f. What is the tens digit of f?
1
Let y(k) = -8*k - k**2 - 9 + 4*k**2 - 4*k**2. Let o be y(-7). What is the units digit of (o/4)/(1/(-24))?
2
Suppose 2*c - 6*c + 12 = -5*y, -y + 44 = 5*c. What is the units digit of c?
8
Let f = 11 + -12. Let z(c) = 40*c**2 + 3*c + 2. What is the units digit of z(f)?
9
Let t(s) = 3*s - 2. What is the units digit of t(8)?
2
Let g(u) = -71*u - 2. Let w be g(2). What is the tens digit of (-2)/(-4)*w/(-6)?
1
Suppose 2*y + 31 = 87. What is the units digit of y?
8
Suppose 0 = -5*r + 4*r. Let b(p) = -p**2 - 5*p - 3. Let i be b(-5). Let w = r - i. What is the units digit of w?
3
Let o(p) = -5*p - 3. Let d be o(-5). Suppose -2*l = -76 + d. Let a = -12 + l. What is the units digit of a?
5
What is the units digit of 2/7 - 2076/(-84)?
5
Suppose -5 = -3*v - 4*h, 3*h = 2*h - 1. Suppose -26 - 4 = -v*k. What is the tens digit of k?
1
Let n(z) = -z + 0 - 8 + 2*z. Suppose -2*a + 3*a + 4*l + 3 = 0, 3*a - 42 = 5*l. What is the units digit of n(a)?
1
What is the units digit of -5 + 3 - (1 - 50)?
7
Let f(u) = 3*u - 1. Let g(j) = -2*j**3 - j**2 + 1. Let m be g(-1). Let s be f(m). What is the units digit of s + -2 + (-2)/2?
2
Let m = 35 + -55. Let o = m - -40. What is the tens digit of o?
2
Let m = 4 + -4. Suppose 2*n - 2 = 2*h, m*n = -5*h + n + 11. Suppose -5 = -h*o + 1. What is the units digit of o?
2
Let l(j) = -j - 3. Let w be l(-5). Suppose -f + 2*h = -19, -2*f + 100 = w*f + 4*h. Suppose -5*q = -12 - f. What is the units digit of q?
7
Suppose -3*y = -0*y. Suppose y*x = -x + 21. Suppose 2*c = -4*r - 3*c - x, r + 3*c + 14 = 0. What is the units digit of r?
1
Let g(y) = -y + 5. Let m be g(10). Suppose -4*i + 13 = -x, -2*i - 31 = 2*x - 5*i. Let u = m - x. What is the units digit of u?
2
Let a(p) = -11*p + 14. What is the tens digit of a(-6)?
8
Suppose -1815 = -22*a + 143. What is the tens digit of a?
8
Let d be ((-52)/(-8))/(2/28). Suppose 3*a - d = -5*l - a, 3*l = -2*a + 53. What is the units digit of l?
5
Suppose -2*q = -5*q - 2*d + 671, -1133 = -5*q + 4*d. What is the units digit of q?
5
Let u(d) = d + 5. Suppose 3*k = -k + 20. What is the units digit of u(k)?
0
Suppose -a + 1 = -2*a. Let x(q) = q**3 - q. Let r be x(a). Suppose r = -h + 4*p - 9, 0 = 2*p - 0*p - 8. What is the units digit of h?
7
Let q(v) = -3*v + 16. What is the tens digit of q(-12)?
5
Suppose -h = -4*b + 12, -5*h = 5*b - 11 - 4. Suppose h = 5*x - x. Suppose v = 3, x*j - 2*j = v - 15. What is the units digit of j?
6
Let q be 49/1 + -1 + 4. Let b = q + -34. What is the tens digit of b?
1
Let f(h) = h**3 + 9*h**2 + h + 10. Let z be f(-9). Let v be (-2 - -4)*4*z. Suppose 3*d = -5*j + v, 5*d + 4*j = -0*d + 35. What is the units digit of d?
1
Let f = 2 + 5. What is the units digit of f?
7
Let u(w) = 5*w**2 - 2*w - 1. Suppose 4*r + 5 = -r. Let d be u(r). Suppose -p = p - d. What is the units digit of p?
3
Let c = 42 - 12. What is the tens digit of c?
3
Let g(q) be the second derivative of -3*q + 0 + 1/6*q**3 + q**2. What is the units digit of g(0)?
2
Let j(a) = -a**2 + 8*a + 1. Let d be j(8). Let q be 0 + 2 + (d - -4). Suppose -q*m + 3*m + 56 = 0. What is the units digit of m?
4
Suppose 3*y + 2*q + 26 = 3*q, 0 = y + 3*q + 22. Let a = -6 - y. What is the units digit of a?
4
Let n be 2/6 + 2/(-6). Suppose 6*o - o = 10. Suppose n*f - 6 = -o*f. What is the units digit of f?
3
Suppose -176 = -6*m + 2*m. What is the tens digit of m?
4
Suppose l + 3*b - 15 = 0, -b = 2*b - 15. Suppose u + 2 = -5*p - 1, l = -3*p + 4*u - 11. Let m = 1 - p. What is the units digit of m?
2
Let h be (-12)/(-4) + (0 - 16). Let n = -2 - h. What is the units digit of n?
1
Suppose -12 = -2*o - o. Let x(p) = p**3 - 4*p**2 + 2*p - 4. Let c be x(o). Suppose 0 = 3*s + 5*b - 4, -c*b = 7 - 3. What is the units digit of s?
3
Let d(i) = -15*i + 6. What is the tens digit of d(-2)?
3
Suppose 4*q - 6 = 2*q. Let x be (1*-3)/q*2. What is the units digit of ((-7)/x)/((-5)/(-10))?
7
Suppose -s - 3*y = -230, 0*s = -3*s + y + 680. What is the hundreds digit of s?
2
Let r = 66 - 29. What is the tens digit of r?
3
Let h be -5*((1 - 1) + -1). Suppose 17 + h = 2*d. What is the tens digit of d?
1
Suppose -3*l - 5 = -4*q, 0 = 4*l + 3*q - 2*q - 6. What is the tens digit of (-1)/(2*l/(-36))?
1
Suppose -20 + 4 = 4*x. What is the units digit of x/5*(-15)/6?
2
What is the units digit of 1 + 24/4 + 0?
7
Suppose 0 = g - 3*q - 40, -2 = -q + 3. Let n = g - 25. What is the tens digit of n?
3
What is the tens digit of 6032/72 - 2/(-9)?
8
Suppose -134 = -p + 55. What is the tens digit of p?
8
What is the tens digit of 2 - 3/((-60)/8)*25?
1
Suppose 35 = -3*p + 122. What is the tens digit of p?
2
Let v(q) = q**2 + 9*q - 7. Let x be v(-10). Suppose -5*z - 15 = 0, -2*n - 5*z + x*z = -16. Let m = n + -5. What is the units digit of m?
6
Suppose -3*k + 0*k + 4*w - 11 = 0, -5*k + 20 = w. Let m(h) = h**2 + 1. Let r(x) = -2*x**2 - 3*x - 7. Let o(n) = -3*m(n) - r(n). What is the units digit of o(k)?
4
Let d = -13 + 28. Let z = d - 11. What is the units digit of z?
4
Let z = 76 + -38. Suppose 4*t - z = o, o + 4*t + 66 = -2*o. Let n = o - -46. What is the units digit of n?
0
Suppose 0*w = -4*w + 4*j + 668, 0 = -4*w + j + 665. Suppose -5*t = -w - 19. What is the units digit of t?
7
Let y be (-24)/(-10) + (-2)/5. Suppose 0 + 78 = y*l. What is the units digit of l?
9
Let j(m) = -m**3 - 8*m**2 - 6*m + 9. Let k be j(-7). Suppose -k*z - z - 4 = -4*y, 5*z - 5 = -5*y. What is the units digit of -5 + 3 + 12 + y?
1
Let d(m) = -m + 1. Let h be d(2). Let l be (2 + h - 1)/1. Suppose 5*p + 0 = -2*o - 4, l = 4*o - 2*p - 40. Wha